t f(s) = -s + 16. Calculate f(y).
16
Suppose -4*x = -x + 15. Let o = 7 + 1. Let f(c) = -1 - c**2 - o*c - 4 + c. Determine f(x).
5
Suppose 0*n + 3*n = 9. Suppose -n*g + 5 = -b + 4, -3*g + 4*b = 5. Let u(m) = -6*m**3 - 1. Calculate u(g).
-7
Suppose 0*t = -2*t + 4. Let g(u) = -t - u + 2*u + 3 - 4. What is g(4)?
1
Let h(x) = -6 + x**2 + 4*x**2 + x**2 + 3*x + x**3. Let c be h(-5). Let b(o) = -o - c*o + 2*o + 2*o + 3. What is b(0)?
3
Suppose 3*l - l - 2 = 0. Suppose -c = -l - 1. Let r(t) = c*t - 21 + 25 - t. Calculate r(-6).
-2
Let j(r) = -9*r + 2. Let o be j(-2). Let q(f) = 4 + o*f - 24*f + 5*f**2 - f**3 - 1. What is q(4)?
3
Let n(c) be the first derivative of -c**2 - c + 1. Let m be (-17 - 1)*2/(-4). Let v be (-12)/54 - (-11)/m. Determine n(v).
-3
Let t(i) = -i. Let q be 4/(-20) + (-34)/5. What is t(q)?
7
Let j = 102 + -71. Suppose 0 = 5*d - y - 0*y - 23, -j = -5*d - 3*y. Let b(h) = h**3 - 6*h**2 + 5*h + 1. Calculate b(d).
1
Let s(p) = p**2 + 4*p - 1. Let k be -3*1 + -7 + 14. Let i(v) = -v**3 + 3*v**2 + 4*v - 4. Let z be i(k). Determine s(z).
-1
Let r(u) = -3*u + 19. Let o(t) = t - 6. Let x(b) = 7*o(b) + 2*r(b). Suppose 2*h = -0*h + 6. Suppose 4*f + 13 = h*n - f, 0 = -4*f + 4. Determine x(n).
2
Suppose 4*k - 3*k + 4 = 0. Let p = 0 - k. Let x(m) = -14*m - 44. Let r(h) = -5*h - 15. Let i(n) = -17*r(n) + 6*x(n). What is i(p)?
-5
Let c(f) = f + 2. Let t(u) = -u - 1. Let w(g) = 4*c(g) + 5*t(g). Calculate w(5).
-2
Let n(l) be the first derivative of l**3/3 + 3*l**2/2 + 4*l - 49. Give n(3).
22
Suppose 41 = 2*i - 3*c, c - 38 - 29 = -3*i. Let g be 1/2 + i/(-4). Let p(b) = 5*b**2 - 2 + 6*b - 5*b**2 - 4*b**2 - b**3. What is p(g)?
-7
Let u be 0/(-1) - 3/3. Let h = u - -6. Let g(q) = -q**2 + 4*q. Give g(h).
-5
Let f(a) = 6*a**3 - a**2 + a + 1. Suppose 17 = -5*v + 12. Give f(v).
-7
Suppose 3*y = 2 + 4. Let i(n) = 4*n - 3. Let q(p) be the first derivative of p**2/2 - p - 1. Let b(c) = -i(c) + 2*q(c). Give b(y).
-3
Let j(w) = -w**2 + 2*w. Let y be j(1). Let s(g) be the first derivative of -5*g**2/2 + g - 3. What is s(y)?
-4
Let f(c) = -2*c**3 - 4*c**2 - 3*c - 2. Let d(p) = p**3 + 5*p**2 + p + 3. Let t be (-297)/63 - (-4)/(-14). Let g be d(t). Give f(g).
4
Let i = 4 - 1. Suppose m + 2*m - 33 = 3*n, 2*m + 3*n + i = 0. Let s(a) = a - 9. Calculate s(m).
-3
Let n be ((-4 - -2)/1)/(4*-2). Let z(c) be the first derivative of -4/3*c**3 + c - n*c**4 - 1/2*c**2 - 4. Calculate z(-4).
5
Let g(n) be the third derivative of n**4/6 + n**3/6 + 5*n**2. Determine g(-2).
-7
Let o(d) = 5*d - d**2 + 4*d - 3*d - 6. Let z(i) = -11*i + 3. Let n(p) = -4*p + 1. Let c(q) = 8*n(q) - 3*z(q). Let a(v) = 5*c(v) - o(v). Determine a(3).
7
Suppose -4*i + 0 + 4 = 0. Suppose y + i = 2*s, -s = 5*y - y + 13. Let k(t) = -9*t**2 - t - 1. Give k(s).
-9
Let k(a) = 2*a - a - 209 + 207. Suppose 2*c - 6 = 3*c + j, -3*c - 4*j - 19 = 0. Calculate k(c).
-7
Suppose -3*w - 2 - 7 = 0. Let m = w + 5. Let d(c) = -5*c. Give d(m).
-10
Let r(z) = z - 1. Let s(d) = -1. Let f(v) = -r(v) - 2*s(v). Let w be 2/4*(4 + -4). Calculate f(w).
3
Let p(j) = -j**2 + 6*j + 1. Let g(l) = 6*l**2 - 1. Let z be g(-1). Calculate p(z).
6
Suppose -k - 1 - 3 = 0. Let p(h) = -h**2 + 5*h + 8. Let v be p(6). Let x(i) = 2*i**2 - 12 + 10 + 2*i - i**v. Give x(k).
6
Suppose 4*z = 5*i - 3, 2*i - i + 6 = 3*z. Let t(l) = -z*l - 1 + l + 6 + l. Give t(0).
5
Suppose k - 5 = 3*p, -4*p - 10 = -4*k + 6*k. Let s(n) = 2*n**2 + 0*n**2 - 5*n + 8*n. Give s(p).
2
Suppose 4*g = -4 + 16. Let y(c) = -3*c - 8. Let q(t) = t + 1. Let m(w) = 4*q(w) + y(w). Calculate m(g).
-1
Let g = 171 - 168. Let q(b) = -10*b - 2. What is q(g)?
-32
Let l(u) = 6*u**2 + 4. Let z(d) be the third derivative of d**5/12 + d**4/24 + d**3/2 + 3*d**2. Let b(x) = -4*l(x) + 5*z(x). What is b(-5)?
-1
Let q(a) = -a**3 - 35*a**2 - 34*a - 2. Let l be q(-34). Let y(s) = -s**3 - s**2 + 2*s - 1. Calculate y(l).
-1
Let d be -2 + (2 - 2/2). Let g(b) be the first derivative of 7*b**4/4 - 2*b**3/3 - b**2/2 + 7. What is g(d)?
-8
Suppose 9*y - 66 = -2*y. Let w(j) = -5*j + j - 3*j + j**2. Calculate w(y).
-6
Let g(q) = -1 + 5*q - 4*q - 2*q + 0. Let f be g(4). Let n(w) = w**3 + 6*w**2 + 5*w + 1. Determine n(f).
1
Let d = 3 + -1. Let o(l) = -l**3 + 4*l - 3. Calculate o(d).
-3
Let j(h) = -h**2 - 6*h. Let a = -8 - -5. Let z = a + -2. What is j(z)?
5
Suppose 5*d = 2*j - 22, -d - 2 = -j + 3. Let a be (6 - j) + (-4)/2. Let k(x) = 1 - 2*x**a - 2*x + 2*x**2 + 0*x**2 - 2*x**3. What is k(1)?
-3
Let q(n) = -n**3 - 7*n**2 - 6*n - 1. Suppose -28 = -3*m + 2. Let j = m - 16. Calculate q(j).
-1
Let l(p) = p**2 - 3*p + 3. Suppose -y + 20 = t + 2*t, 5*y + t - 30 = 0. Give l(y).
13
Let r(a) = -26*a**2 + 21*a**2 - 4 + 5 - 2*a. Give r(1).
-6
Let j(x) = -5*x - 1. Suppose 40 + 11 = -3*d. Let o = d + 15. Determine j(o).
9
Let v = 41 - 18. Suppose f = 5, 0*s - v = -s - 4*f. Let u(z) = z**3 - 3*z**2 - 3*z + 2. Determine u(s).
-7
Let t(x) be the first derivative of -1 - 2*x - 1/3*x**3 - 3*x**2. Calculate t(-5).
3
Let a(q) be the first derivative of -10*q**3/3 + 22. Calculate a(-1).
-10
Suppose -2*h + 20 = -2*n + 5*n, -n - 2*h + 12 = 0. Suppose -59 = -n*o - 23. Let b(v) = -2*v**2 + 1 + 2*v**2 - o*v**3. Give b(1).
-8
Let w be (-620)/22 - (-2)/11. Let s be 21/w - (-1)/(-4). Let b(x) = -3*x**2 + x - 10. Let q(z) = -2*z**2 + z - 7. Let k(l) = -5*b(l) + 7*q(l). What is k(s)?
0
Let c(v) = -v**3 + 3*v**2 + 6*v - 5. Let b be c(4). Suppose 6*o = b*o - 3. Let z be -3 + (1/o - -5). Let d(i) = i**3 + 2*i - 1. Calculate d(z).
2
Suppose 5*p + 4*a + 3 - 1 = 0, -4 = 4*p + 4*a. Let f(u) = -u**3 + u**2 - 2*u + 2. Calculate f(p).
-6
Let c(z) = -4*z**2 - z - 1. Suppose -5*g - 2*y = -g + 6, 5*g - 5*y + 15 = 0. Give c(g).
-15
Let c(w) = w + 2. Suppose 2*x - 5*x = 4*x. Determine c(x).
2
Suppose 0*q - 2*i - 4 = 2*q, 4 = -q - 2*i. Let z(o) be the first derivative of -1 - 1/2*o**2 - o. Give z(q).
-1
Let m(n) = -n**3 + 5*n**2 + 8*n - 6. Let w be 1*(-1 - (1 - 2)). Let q be (4 - 3) + 5 - w. What is m(q)?
6
Let v(i) = i - 2*i**2 + 3*i**2 + 8*i**3 + i**3 + 1. Let b = -161 - -160. Calculate v(b).
-8
Let w(u) = -u**2 + u. Let p(y) = -y + 4. Let h be p(2). What is w(h)?
-2
Let k be (7 - 3)*(-1)/(-1). Suppose 2*n + 0*n - 68 = 0. Suppose 0 = 2*c - 3*h + 17, -5*c = -k*h + n - 2. Let u(j) = -j + 4. Give u(c).
8
Let g(v) = v**2 + 9*v. Let a be g(-9). Suppose 5*f - 24 = -3*b - 9, a = 2*b. Let n(k) = -4*k - k**2 + k + 0*k - 1 + k**3. What is n(f)?
8
Let b(k) = -k**2 + 5*k - 1. Suppose 0 = -4*g - 20 - 16. Let u = -6 - g. Determine b(u).
5
Suppose -2*i = -2*t + 56, -2*t = -0*t - 3*i - 58. Suppose 4*f + 2 = t. Let n(h) = f + 6*h - 6. Give n(-1).
-6
Let a(u) = 4*u**2 + 7*u. Let t(j) = -11*j**2 - 21*j + 1. Let o(w) = -8*a(w) - 3*t(w). Determine o(-4).
-15
Let s(i) = -3 - 4 + 2*i**2 - 6*i - i**2 + 10*i. What is s(-6)?
5
Let w be (-4)/(-8)*14 + 4. Let p(f) = f - 12. Determine p(w).
-1
Let y(m) be the second derivative of -5*m**3/6 - m**2/2 - m. Let h = -16 - -14. Determine y(h).
9
Let f(y) = y**3 + 5*y**2 - 4*y - 3. Let s(d) = d**2 + 9*d + 9. Suppose -t - 1 - 6 = 0. Let i be s(t). Determine f(i).
17
Let r(b) = b**2 - 4*b - 2. Let p(c) = c**2 - 3*c - 3. Let w(a) = -3*p(a) + 2*r(a). What is w(0)?
5
Suppose -r - q - 4 = 0, -10 = 2*r + 4*q + 4. Let t(p) = -11*p - 1. Calculate t(r).
10
Let b(m) be the first derivative of m**6/360 - m**5/20 + m**4/6 - m**3/3 + 1. Let t(l) be the third derivative of b(l). Suppose 19 = -x + 24. What is t(x)?
-1
Let c(o) be the first derivative of o**3/3 + 2*o**2 + 2*o + 8. Give c(-6).
14
Let m(a) = 7*a**3 + 1. Let q(l) = l**2 - 14*l + 49. Let z be q(9). Let y = 18 + -13. Suppose 0 = p + z*p + y. Calculate m(p).
-6
Let l(m) = m + 1 - 1 + 1 + 8. What is l(-4)?
5
Let i(u) = -3*u - 4. Let n(r) = r - 1. Suppose -a + 2*d - 8 = 4*d, 3*a = -2*d - 4. Let j(s) = a*n(s) + i(s). What is j(-5)?
-1
Let n(t) = 9*t**2 + 4 - 23*t**2 + 3*t + 13*t**2. Let d be 7/(-28) + 26/8. Calculate n(d).
4
Let u be 0/(-2)*5/20. Let o be (-4)/(-6) + 10/3. Suppose -k = k + n - 3, o*k + n - 7 = u. Let f(r) = r**3 - r**2 - 2. Give f(k).
2
Suppose 0 = -l + 2. Let s be -2 - l - (-3 - -1). Let j(w) be the third derivative of -w**5/60 + w**4/24 + w**3/3 + 45*w**2. What is j(s)?
-4
Let r(q) = -q**2 + 6*q + 6. Let u be r(6). Let y(t) = t + 1. Let v(b) = -8. Let i(x) = -v(x) - y(x). What is i(u)?